{"id":44,"date":"2021-11-22T07:32:03","date_gmt":"2021-11-22T07:32:03","guid":{"rendered":"https:\/\/liceulovidius.ro\/blog-franceza\/?page_id=44"},"modified":"2021-11-22T07:32:03","modified_gmt":"2021-11-22T07:32:03","slug":"reunion-de-famille","status":"publish","type":"page","link":"http:\/\/liceulovidius.ro\/blog-franceza\/?page_id=44","title":{"rendered":"R\u00e9union de famille"},"content":{"rendered":"\n<p>C\u2019un projet ludique et tr\u00e8s aim\u00e9 par les classes bilingues de notre ville. La rencontre conviviale traditionnelle des acteurs de l\u2019enseignement bilingue francophone de Constantza r\u00e9uni chaque ann\u00e9e les \u00e9l\u00e8ves de 9<sup>\u00e8me\u00a0<\/sup>et leurs enseignants des 3 lyc\u00e9es bilingues\u00a0: le Lyc\u00e9e \u00ab\u00a0Ovidius\u00a0\u00bb, le Lyc\u00e9e \u00ab\u00a0George C\u0103linescu\u00a0\u00bb et le Coll\u00e8ge National \u00ab\u00a0Mircea cel B\u0103tr\u00e2n\u00a0\u00bb. L\u2019occasion de construire un dialogue et de faire des \u00e9changes pour des jeunes qui ont une passion commune\u00a0: la langue fran\u00e7aise.<\/p>\n","protected":false},"excerpt":{"rendered":"<p>C\u2019un projet ludique et tr\u00e8s aim\u00e9 par les classes bilingues de notre ville. La rencontre conviviale traditionnelle des acteurs de l\u2019enseignement bilingue francophone de Constantza r\u00e9uni chaque ann\u00e9e les \u00e9l\u00e8ves de 9\u00e8me\u00a0et leurs enseignants des 3 lyc\u00e9es bilingues\u00a0: le Lyc\u00e9e \u00ab\u00a0Ovidius\u00a0\u00bb, le Lyc\u00e9e \u00ab\u00a0George C\u0103linescu\u00a0\u00bb et le Coll\u00e8ge National \u00ab\u00a0Mircea cel B\u0103tr\u00e2n\u00a0\u00bb. L\u2019occasion de construire [&hellip;]<\/p>\n","protected":false},"author":2,"featured_media":0,"parent":39,"menu_order":1,"comment_status":"closed","ping_status":"closed","template":"","meta":[],"_links":{"self":[{"href":"http:\/\/liceulovidius.ro\/blog-franceza\/index.php?rest_route=\/wp\/v2\/pages\/44"}],"collection":[{"href":"http:\/\/liceulovidius.ro\/blog-franceza\/index.php?rest_route=\/wp\/v2\/pages"}],"about":[{"href":"http:\/\/liceulovidius.ro\/blog-franceza\/index.php?rest_route=\/wp\/v2\/types\/page"}],"author":[{"embeddable":true,"href":"http:\/\/liceulovidius.ro\/blog-franceza\/index.php?rest_route=\/wp\/v2\/users\/2"}],"replies":[{"embeddable":true,"href":"http:\/\/liceulovidius.ro\/blog-franceza\/index.php?rest_route=%2Fwp%2Fv2%2Fcomments&post=44"}],"version-history":[{"count":1,"href":"http:\/\/liceulovidius.ro\/blog-franceza\/index.php?rest_route=\/wp\/v2\/pages\/44\/revisions"}],"predecessor-version":[{"id":45,"href":"http:\/\/liceulovidius.ro\/blog-franceza\/index.php?rest_route=\/wp\/v2\/pages\/44\/revisions\/45"}],"up":[{"embeddable":true,"href":"http:\/\/liceulovidius.ro\/blog-franceza\/index.php?rest_route=\/wp\/v2\/pages\/39"}],"wp:attachment":[{"href":"http:\/\/liceulovidius.ro\/blog-franceza\/index.php?rest_route=%2Fwp%2Fv2%2Fmedia&parent=44"}],"curies":[{"name":"wp","href":"https:\/\/api.w.org\/{rel}","templated":true}]}}