{"id":55,"date":"2021-11-22T07:37:59","date_gmt":"2021-11-22T07:37:59","guid":{"rendered":"https:\/\/liceulovidius.ro\/blog-franceza\/?page_id=55"},"modified":"2021-11-25T17:49:35","modified_gmt":"2021-11-25T17:49:35","slug":"mini-amphitheatre-theatre-francophone","status":"publish","type":"page","link":"http:\/\/liceulovidius.ro\/blog-franceza\/?page_id=55","title":{"rendered":"La troupe Mini \u2013 Amphith\u00e9\u00e2tre"},"content":{"rendered":"\n<p>La troupe \u00ab&nbsp;Mini-Amphith\u00e9\u00e2tre&nbsp;\u00bb a \u00e9t\u00e9 cr\u00e9\u00e9e en Septembre 2014 \u00e0 l\u2019initiative des professeurs de fran\u00e7ais Maria et Cornel Andre\u015foiu, coordonnateurs de la troupe de th\u00e9\u00e2tre francophone du lyc\u00e9e mais aussi des professeurs de fran\u00e7ais et la proviseur du Lyc\u00e9e Th\u00e9orique \u00ab&nbsp;Ovidius&nbsp;\u00bb,&nbsp; dans l\u2019id\u00e9e d\u2019offrir aux jeunes francophones l\u2019opportunit\u00e9 de se rencontrer et de travailler dans un cadre ouvert aux valeurs culturelles europ\u00e9ennes, dans un esprit moderne, en facilitant leur int\u00e9gration europ\u00e9enne \u00e0 travers la culture, parfaire leur \u00e9ducation culturelle, linguistique et psychique par le th\u00e9\u00e2tre.<\/p>\n\n\n\n<p>Le r\u00e9pertoire que l\u2019animatrice de la troupe choisit est vari\u00e9 et moderne. Il est adapt\u00e9 aux \u00e9l\u00e8ves d\u00e9sireux de se faire remarquer sur la sc\u00e8ne.&nbsp;&nbsp;<\/p>\n\n\n\n<p>A la suite de l\u2019invitation de l\u2019Institut Fran\u00e7ais de Naples et de l\u2019\u00ab&nbsp;Istituto Statale di Istruzione Superiore \u2013 Pagano Bernini&nbsp;\u00bb, de Naples, les \u00e9l\u00e8ves participent chaque ann\u00e9e, depuis 2014, aux \u00ab&nbsp;Journ\u00e9es de Th\u00e9\u00e2tre Scolaire Francophone de Piano di Sorrento&nbsp;\u00bb.<\/p>\n","protected":false},"excerpt":{"rendered":"<p>La troupe \u00ab&nbsp;Mini-Amphith\u00e9\u00e2tre&nbsp;\u00bb a \u00e9t\u00e9 cr\u00e9\u00e9e en Septembre 2014 \u00e0 l\u2019initiative des professeurs de fran\u00e7ais Maria et Cornel Andre\u015foiu, coordonnateurs de la troupe de th\u00e9\u00e2tre francophone du lyc\u00e9e mais aussi des professeurs de fran\u00e7ais et la proviseur du Lyc\u00e9e Th\u00e9orique \u00ab&nbsp;Ovidius&nbsp;\u00bb,&nbsp; dans l\u2019id\u00e9e d\u2019offrir aux jeunes francophones l\u2019opportunit\u00e9 de se rencontrer et de travailler dans [&hellip;]<\/p>\n","protected":false},"author":2,"featured_media":0,"parent":39,"menu_order":7,"comment_status":"closed","ping_status":"closed","template":"","meta":[],"_links":{"self":[{"href":"http:\/\/liceulovidius.ro\/blog-franceza\/index.php?rest_route=\/wp\/v2\/pages\/55"}],"collection":[{"href":"http:\/\/liceulovidius.ro\/blog-franceza\/index.php?rest_route=\/wp\/v2\/pages"}],"about":[{"href":"http:\/\/liceulovidius.ro\/blog-franceza\/index.php?rest_route=\/wp\/v2\/types\/page"}],"author":[{"embeddable":true,"href":"http:\/\/liceulovidius.ro\/blog-franceza\/index.php?rest_route=\/wp\/v2\/users\/2"}],"replies":[{"embeddable":true,"href":"http:\/\/liceulovidius.ro\/blog-franceza\/index.php?rest_route=%2Fwp%2Fv2%2Fcomments&post=55"}],"version-history":[{"count":2,"href":"http:\/\/liceulovidius.ro\/blog-franceza\/index.php?rest_route=\/wp\/v2\/pages\/55\/revisions"}],"predecessor-version":[{"id":112,"href":"http:\/\/liceulovidius.ro\/blog-franceza\/index.php?rest_route=\/wp\/v2\/pages\/55\/revisions\/112"}],"up":[{"embeddable":true,"href":"http:\/\/liceulovidius.ro\/blog-franceza\/index.php?rest_route=\/wp\/v2\/pages\/39"}],"wp:attachment":[{"href":"http:\/\/liceulovidius.ro\/blog-franceza\/index.php?rest_route=%2Fwp%2Fv2%2Fmedia&parent=55"}],"curies":[{"name":"wp","href":"https:\/\/api.w.org\/{rel}","templated":true}]}}