{"id":1331,"date":"2022-06-02T10:56:57","date_gmt":"2022-06-02T10:56:57","guid":{"rendered":"http:\/\/liceulovidius.ro\/desen\/?page_id=1331"},"modified":"2022-06-02T10:56:57","modified_gmt":"2022-06-02T10:56:57","slug":"concurs-international-de-arte-vizuale-brancusi-motive-si-simboluri-targu-jiu-martie-2022","status":"publish","type":"page","link":"http:\/\/liceulovidius.ro\/desen\/index.php\/concurs-international-de-arte-vizuale-brancusi-motive-si-simboluri-targu-jiu-martie-2022\/","title":{"rendered":"Concurs Interna\u021bional de Arte Vizuale ,,Br\u00e2ncu\u015fi. Motive \u015fi simboluri\u201d  T\u00e2rgu Jiu, martie 2022"},"content":{"rendered":"\n<figure class=\"wp-block-gallery has-nested-images columns-default is-cropped\">\n<figure class=\"wp-block-image size-large\"><img loading=\"lazy\" width=\"725\" height=\"1024\" data-id=\"1332\"  src=\"http:\/\/liceulovidius.ro\/desen\/wp-content\/uploads\/2022\/06\/CALINOVICI-ELVIRA-15ani-LICEUL-TEORETIC-OVIDIUS-CONSTANTA-725x1024.jpg\" alt=\"\" class=\"wp-image-1332\" srcset=\"http:\/\/liceulovidius.ro\/desen\/wp-content\/uploads\/2022\/06\/CALINOVICI-ELVIRA-15ani-LICEUL-TEORETIC-OVIDIUS-CONSTANTA-725x1024.jpg 725w, http:\/\/liceulovidius.ro\/desen\/wp-content\/uploads\/2022\/06\/CALINOVICI-ELVIRA-15ani-LICEUL-TEORETIC-OVIDIUS-CONSTANTA-212x300.jpg 212w, http:\/\/liceulovidius.ro\/desen\/wp-content\/uploads\/2022\/06\/CALINOVICI-ELVIRA-15ani-LICEUL-TEORETIC-OVIDIUS-CONSTANTA-768x1085.jpg 768w, http:\/\/liceulovidius.ro\/desen\/wp-content\/uploads\/2022\/06\/CALINOVICI-ELVIRA-15ani-LICEUL-TEORETIC-OVIDIUS-CONSTANTA-1087x1536.jpg 1087w, http:\/\/liceulovidius.ro\/desen\/wp-content\/uploads\/2022\/06\/CALINOVICI-ELVIRA-15ani-LICEUL-TEORETIC-OVIDIUS-CONSTANTA-676x955.jpg 676w, http:\/\/liceulovidius.ro\/desen\/wp-content\/uploads\/2022\/06\/CALINOVICI-ELVIRA-15ani-LICEUL-TEORETIC-OVIDIUS-CONSTANTA.jpg 1442w\" sizes=\"(max-width: 725px) 100vw, 725px\" \/><\/figure>\n\n\n\n<figure class=\"wp-block-image size-large\"><img loading=\"lazy\" width=\"740\" height=\"1024\" data-id=\"1333\"  src=\"http:\/\/liceulovidius.ro\/desen\/wp-content\/uploads\/2022\/06\/WhatsApp-Image-2022-03-08-at-06.31.10-2-740x1024.jpeg\" alt=\"\" class=\"wp-image-1333\" srcset=\"http:\/\/liceulovidius.ro\/desen\/wp-content\/uploads\/2022\/06\/WhatsApp-Image-2022-03-08-at-06.31.10-2-740x1024.jpeg 740w, http:\/\/liceulovidius.ro\/desen\/wp-content\/uploads\/2022\/06\/WhatsApp-Image-2022-03-08-at-06.31.10-2-217x300.jpeg 217w, http:\/\/liceulovidius.ro\/desen\/wp-content\/uploads\/2022\/06\/WhatsApp-Image-2022-03-08-at-06.31.10-2-768x1063.jpeg 768w, http:\/\/liceulovidius.ro\/desen\/wp-content\/uploads\/2022\/06\/WhatsApp-Image-2022-03-08-at-06.31.10-2-1110x1536.jpeg 1110w, http:\/\/liceulovidius.ro\/desen\/wp-content\/uploads\/2022\/06\/WhatsApp-Image-2022-03-08-at-06.31.10-2-676x936.jpeg 676w, http:\/\/liceulovidius.ro\/desen\/wp-content\/uploads\/2022\/06\/WhatsApp-Image-2022-03-08-at-06.31.10-2.jpeg 1156w\" sizes=\"(max-width: 740px) 100vw, 740px\" \/><\/figure>\n\n\n\n<figure class=\"wp-block-image size-large\"><img loading=\"lazy\" width=\"695\" height=\"1024\" data-id=\"1337\"  src=\"http:\/\/liceulovidius.ro\/desen\/wp-content\/uploads\/2022\/06\/STILPEANU-MARIA-ZAMFIR-ALEXA-13ANI-CU-CU-RI-GU-LICEUL-TEORETIC-OVIDIUS-CONSTANTA-Prof.-URSU-IUSTINA-SILVANA-695x1024.jpg\" alt=\"\" class=\"wp-image-1337\" srcset=\"http:\/\/liceulovidius.ro\/desen\/wp-content\/uploads\/2022\/06\/STILPEANU-MARIA-ZAMFIR-ALEXA-13ANI-CU-CU-RI-GU-LICEUL-TEORETIC-OVIDIUS-CONSTANTA-Prof.-URSU-IUSTINA-SILVANA-695x1024.jpg 695w, http:\/\/liceulovidius.ro\/desen\/wp-content\/uploads\/2022\/06\/STILPEANU-MARIA-ZAMFIR-ALEXA-13ANI-CU-CU-RI-GU-LICEUL-TEORETIC-OVIDIUS-CONSTANTA-Prof.-URSU-IUSTINA-SILVANA-204x300.jpg 204w, http:\/\/liceulovidius.ro\/desen\/wp-content\/uploads\/2022\/06\/STILPEANU-MARIA-ZAMFIR-ALEXA-13ANI-CU-CU-RI-GU-LICEUL-TEORETIC-OVIDIUS-CONSTANTA-Prof.-URSU-IUSTINA-SILVANA-768x1131.jpg 768w, http:\/\/liceulovidius.ro\/desen\/wp-content\/uploads\/2022\/06\/STILPEANU-MARIA-ZAMFIR-ALEXA-13ANI-CU-CU-RI-GU-LICEUL-TEORETIC-OVIDIUS-CONSTANTA-Prof.-URSU-IUSTINA-SILVANA-1043x1536.jpg 1043w, http:\/\/liceulovidius.ro\/desen\/wp-content\/uploads\/2022\/06\/STILPEANU-MARIA-ZAMFIR-ALEXA-13ANI-CU-CU-RI-GU-LICEUL-TEORETIC-OVIDIUS-CONSTANTA-Prof.-URSU-IUSTINA-SILVANA-676x996.jpg 676w, http:\/\/liceulovidius.ro\/desen\/wp-content\/uploads\/2022\/06\/STILPEANU-MARIA-ZAMFIR-ALEXA-13ANI-CU-CU-RI-GU-LICEUL-TEORETIC-OVIDIUS-CONSTANTA-Prof.-URSU-IUSTINA-SILVANA.jpg 1086w\" sizes=\"(max-width: 695px) 100vw, 695px\" \/><\/figure>\n\n\n\n<figure class=\"wp-block-image size-large\"><img loading=\"lazy\" width=\"708\" height=\"1024\" data-id=\"1334\"  src=\"http:\/\/liceulovidius.ro\/desen\/wp-content\/uploads\/2022\/06\/AVANU-DIANA-MARIA-13ani-DOMNISOARA-POGANY-LICEUL-TEORETIC-OVIDIUS-CONSTANTA-Prof.URSU-IUSTINA-SILVANA-708x1024.jpeg\" alt=\"\" class=\"wp-image-1334\" srcset=\"http:\/\/liceulovidius.ro\/desen\/wp-content\/uploads\/2022\/06\/AVANU-DIANA-MARIA-13ani-DOMNISOARA-POGANY-LICEUL-TEORETIC-OVIDIUS-CONSTANTA-Prof.URSU-IUSTINA-SILVANA-708x1024.jpeg 708w, http:\/\/liceulovidius.ro\/desen\/wp-content\/uploads\/2022\/06\/AVANU-DIANA-MARIA-13ani-DOMNISOARA-POGANY-LICEUL-TEORETIC-OVIDIUS-CONSTANTA-Prof.URSU-IUSTINA-SILVANA-208x300.jpeg 208w, http:\/\/liceulovidius.ro\/desen\/wp-content\/uploads\/2022\/06\/AVANU-DIANA-MARIA-13ani-DOMNISOARA-POGANY-LICEUL-TEORETIC-OVIDIUS-CONSTANTA-Prof.URSU-IUSTINA-SILVANA-768x1110.jpeg 768w, http:\/\/liceulovidius.ro\/desen\/wp-content\/uploads\/2022\/06\/AVANU-DIANA-MARIA-13ani-DOMNISOARA-POGANY-LICEUL-TEORETIC-OVIDIUS-CONSTANTA-Prof.URSU-IUSTINA-SILVANA-1063x1536.jpeg 1063w, http:\/\/liceulovidius.ro\/desen\/wp-content\/uploads\/2022\/06\/AVANU-DIANA-MARIA-13ani-DOMNISOARA-POGANY-LICEUL-TEORETIC-OVIDIUS-CONSTANTA-Prof.URSU-IUSTINA-SILVANA-676x977.jpeg 676w, http:\/\/liceulovidius.ro\/desen\/wp-content\/uploads\/2022\/06\/AVANU-DIANA-MARIA-13ani-DOMNISOARA-POGANY-LICEUL-TEORETIC-OVIDIUS-CONSTANTA-Prof.URSU-IUSTINA-SILVANA.jpeg 1107w\" sizes=\"(max-width: 708px) 100vw, 708px\" \/><\/figure>\n\n\n\n<figure class=\"wp-block-image size-large\"><img loading=\"lazy\" width=\"722\" height=\"1024\" data-id=\"1335\"  src=\"http:\/\/liceulovidius.ro\/desen\/wp-content\/uploads\/2022\/06\/IANCU-MARA-ALEXIA-9D-722x1024.jpg\" alt=\"\" class=\"wp-image-1335\" srcset=\"http:\/\/liceulovidius.ro\/desen\/wp-content\/uploads\/2022\/06\/IANCU-MARA-ALEXIA-9D-722x1024.jpg 722w, http:\/\/liceulovidius.ro\/desen\/wp-content\/uploads\/2022\/06\/IANCU-MARA-ALEXIA-9D-211x300.jpg 211w, http:\/\/liceulovidius.ro\/desen\/wp-content\/uploads\/2022\/06\/IANCU-MARA-ALEXIA-9D-768x1090.jpg 768w, http:\/\/liceulovidius.ro\/desen\/wp-content\/uploads\/2022\/06\/IANCU-MARA-ALEXIA-9D-1082x1536.jpg 1082w, http:\/\/liceulovidius.ro\/desen\/wp-content\/uploads\/2022\/06\/IANCU-MARA-ALEXIA-9D-1443x2048.jpg 1443w, http:\/\/liceulovidius.ro\/desen\/wp-content\/uploads\/2022\/06\/IANCU-MARA-ALEXIA-9D-676x959.jpg 676w, http:\/\/liceulovidius.ro\/desen\/wp-content\/uploads\/2022\/06\/IANCU-MARA-ALEXIA-9D.jpg 1637w\" sizes=\"(max-width: 722px) 100vw, 722px\" \/><\/figure>\n\n\n\n<figure class=\"wp-block-image size-large\"><img loading=\"lazy\" width=\"720\" height=\"1024\" data-id=\"1336\"  src=\"http:\/\/liceulovidius.ro\/desen\/wp-content\/uploads\/2022\/06\/APOSTOLACHE-TEODORA-15ANI-SOMNUL-LICEUL-TEORETIC-OVIDIUS-CONSTANTA-Prof.-URSU-IUSTINA-SILVANA-720x1024.jpg\" alt=\"\" class=\"wp-image-1336\" srcset=\"http:\/\/liceulovidius.ro\/desen\/wp-content\/uploads\/2022\/06\/APOSTOLACHE-TEODORA-15ANI-SOMNUL-LICEUL-TEORETIC-OVIDIUS-CONSTANTA-Prof.-URSU-IUSTINA-SILVANA-720x1024.jpg 720w, http:\/\/liceulovidius.ro\/desen\/wp-content\/uploads\/2022\/06\/APOSTOLACHE-TEODORA-15ANI-SOMNUL-LICEUL-TEORETIC-OVIDIUS-CONSTANTA-Prof.-URSU-IUSTINA-SILVANA-211x300.jpg 211w, http:\/\/liceulovidius.ro\/desen\/wp-content\/uploads\/2022\/06\/APOSTOLACHE-TEODORA-15ANI-SOMNUL-LICEUL-TEORETIC-OVIDIUS-CONSTANTA-Prof.-URSU-IUSTINA-SILVANA-768x1092.jpg 768w, http:\/\/liceulovidius.ro\/desen\/wp-content\/uploads\/2022\/06\/APOSTOLACHE-TEODORA-15ANI-SOMNUL-LICEUL-TEORETIC-OVIDIUS-CONSTANTA-Prof.-URSU-IUSTINA-SILVANA-1080x1536.jpg 1080w, http:\/\/liceulovidius.ro\/desen\/wp-content\/uploads\/2022\/06\/APOSTOLACHE-TEODORA-15ANI-SOMNUL-LICEUL-TEORETIC-OVIDIUS-CONSTANTA-Prof.-URSU-IUSTINA-SILVANA-676x961.jpg 676w, http:\/\/liceulovidius.ro\/desen\/wp-content\/uploads\/2022\/06\/APOSTOLACHE-TEODORA-15ANI-SOMNUL-LICEUL-TEORETIC-OVIDIUS-CONSTANTA-Prof.-URSU-IUSTINA-SILVANA.jpg 1440w\" sizes=\"(max-width: 720px) 100vw, 720px\" \/><\/figure>\n<\/figure>\n\n\n\n<figure class=\"wp-block-gallery has-nested-images columns-default is-cropped\">\n<figure class=\"wp-block-image size-large\"><img loading=\"lazy\" width=\"1024\" height=\"755\" data-id=\"1340\"  src=\"http:\/\/liceulovidius.ro\/desen\/wp-content\/uploads\/2022\/06\/FLOREA-ANDREEA-DENISA-13ANI-SARUTUL-LICEUL-TEORETIC-OVIDIUS-CONSTANTA-Prof.-URSU-IUSTINA-SILVANA-1024x755.jpg\" alt=\"\" class=\"wp-image-1340\" srcset=\"http:\/\/liceulovidius.ro\/desen\/wp-content\/uploads\/2022\/06\/FLOREA-ANDREEA-DENISA-13ANI-SARUTUL-LICEUL-TEORETIC-OVIDIUS-CONSTANTA-Prof.-URSU-IUSTINA-SILVANA-1024x755.jpg 1024w, http:\/\/liceulovidius.ro\/desen\/wp-content\/uploads\/2022\/06\/FLOREA-ANDREEA-DENISA-13ANI-SARUTUL-LICEUL-TEORETIC-OVIDIUS-CONSTANTA-Prof.-URSU-IUSTINA-SILVANA-300x221.jpg 300w, http:\/\/liceulovidius.ro\/desen\/wp-content\/uploads\/2022\/06\/FLOREA-ANDREEA-DENISA-13ANI-SARUTUL-LICEUL-TEORETIC-OVIDIUS-CONSTANTA-Prof.-URSU-IUSTINA-SILVANA-768x566.jpg 768w, http:\/\/liceulovidius.ro\/desen\/wp-content\/uploads\/2022\/06\/FLOREA-ANDREEA-DENISA-13ANI-SARUTUL-LICEUL-TEORETIC-OVIDIUS-CONSTANTA-Prof.-URSU-IUSTINA-SILVANA-676x498.jpg 676w, http:\/\/liceulovidius.ro\/desen\/wp-content\/uploads\/2022\/06\/FLOREA-ANDREEA-DENISA-13ANI-SARUTUL-LICEUL-TEORETIC-OVIDIUS-CONSTANTA-Prof.-URSU-IUSTINA-SILVANA.jpg 1488w\" sizes=\"(max-width: 1024px) 100vw, 1024px\" \/><\/figure>\n<\/figure>\n\n\n\n<p>Elevi participan\u021bi:<\/p>\n\n\n\n<p>APOSTOLACHE TEODORA 9E<\/p>\n\n\n\n<p>CALINOVICI ELVIRA 9E<\/p>\n\n\n\n<p>PINTILIE MARIA 10E<\/p>\n\n\n\n<p>SOLOM PETRU 7A<\/p>\n\n\n\n<p>STILPEANU MARIA 7A<\/p>\n\n\n\n<p>ZAMFIR ALEXA7A<\/p>\n\n\n\n<p>AVANU DIANA MARIA 7A<\/p>\n","protected":false},"excerpt":{"rendered":"<p>Elevi participan\u021bi: APOSTOLACHE TEODORA 9E CALINOVICI ELVIRA 9E PINTILIE MARIA 10E SOLOM PETRU 7A STILPEANU MARIA 7A ZAMFIR ALEXA7A AVANU DIANA MARIA 7A<\/p>\n","protected":false},"author":3,"featured_media":0,"parent":0,"menu_order":0,"comment_status":"closed","ping_status":"closed","template":"","meta":[],"_links":{"self":[{"href":"http:\/\/liceulovidius.ro\/desen\/index.php\/wp-json\/wp\/v2\/pages\/1331"}],"collection":[{"href":"http:\/\/liceulovidius.ro\/desen\/index.php\/wp-json\/wp\/v2\/pages"}],"about":[{"href":"http:\/\/liceulovidius.ro\/desen\/index.php\/wp-json\/wp\/v2\/types\/page"}],"author":[{"embeddable":true,"href":"http:\/\/liceulovidius.ro\/desen\/index.php\/wp-json\/wp\/v2\/users\/3"}],"replies":[{"embeddable":true,"href":"http:\/\/liceulovidius.ro\/desen\/index.php\/wp-json\/wp\/v2\/comments?post=1331"}],"version-history":[{"count":1,"href":"http:\/\/liceulovidius.ro\/desen\/index.php\/wp-json\/wp\/v2\/pages\/1331\/revisions"}],"predecessor-version":[{"id":1342,"href":"http:\/\/liceulovidius.ro\/desen\/index.php\/wp-json\/wp\/v2\/pages\/1331\/revisions\/1342"}],"wp:attachment":[{"href":"http:\/\/liceulovidius.ro\/desen\/index.php\/wp-json\/wp\/v2\/media?parent=1331"}],"curies":[{"name":"wp","href":"https:\/\/api.w.org\/{rel}","templated":true}]}}