{"id":1462,"date":"2024-06-09T19:39:39","date_gmt":"2024-06-09T19:39:39","guid":{"rendered":"https:\/\/liceulovidius.ro\/desen\/?page_id=1462"},"modified":"2024-06-09T19:41:25","modified_gmt":"2024-06-09T19:41:25","slug":"concursul-interscolar-de-arte-vizuale-imagine-si-simbol-in-arta-romaneasca","status":"publish","type":"page","link":"http:\/\/liceulovidius.ro\/desen\/index.php\/concursul-interscolar-de-arte-vizuale-imagine-si-simbol-in-arta-romaneasca\/","title":{"rendered":"Concursul inter\u015fcolar de Arte vizuale\u00a0                  \u201c Imagine \u015fi simbol \u00een arta \u00a0rom\u00e2neasc\u0103\u201d edi\u0163ia a VIII-a, mai 2024 \u0219i-a desemnat                        c\u00e2\u0219tig\u0103torii"},"content":{"rendered":"\n<p>                Liceul Teoretic ,,Ovidius\u201d \u015fi \u015ecoala Gimnazial\u0103 nr. 8 Constan\u0163a, au lansat edi\u0163ia a VIII-a a concursului inter\u015fcolar de Arte vizuale ,,Imagine \u015fi simbol \u00een arta rom\u00e2neasc\u0103\u201d, av\u00e2nd ca tema ,,Ia rom\u00e2neasc\u0103\u201d. Concursul de Arte vizuale \u00ee\u015fi propune s\u0103 descopere, s\u0103 \u00eencurajeze \u015fi s\u0103 promoveze crea\u0163iile deosebite ale elevilor din \u015fcolile gimnaziale \u015fi liceele partenere. Acesta se \u00eenscrie \u00eentr-o mi\u0219care inter\u015fcolar\u0103 de promovare consecvent\u0103 a spiritului cultural \u0219i a valorilor \u00een r\u00e2ndul tinerelor talente din mediul \u0219colar.<\/p>\n\n\n\n<p>          Ia rom\u00e2neasc\u0103 nu este un fragment sau un capitol din via\u0163a noastr\u0103, ea devine coloana vertebral\u0103 a comunit\u0103\u0163ii, reprezint\u0103 esen\u0163a, simbolul poporului rom\u00e2n, identitatea noastr\u0103 cultural\u0103.<\/p>\n\n\n\n<p>          La edi\u0163ia din acest an au participat 200 elevi din 21 unit\u0103\u0163i de \u00eenv\u0103\u0163\u0103m\u00e2nt din judetul Constan\u0163a. Lucr\u0103rile selectate au fost premiate pe categorii de v\u00e2rst\u0103 \u0219i sec\u021biuni.                                                                                                                                                                                                        \u00cen galeria rezultatelor deosebite au fost acordate 50 de premii pentru cele trei sec\u0163iuni: pictur\u0103 25 premii, grafic\u0103 16 premii \u015fi fotografie 9 premii.<\/p>\n\n\n\n<div class=\"wp-block-columns\">\n<div class=\"wp-block-column\" style=\"flex-basis:100%\">\n<p>          Organizatorii transmit felicit\u0103ri tuturor elevilor participan\u0163i \u0219i profesorilor \u00eendrum\u0103tori.<\/p>\n<\/div>\n<\/div>\n\n\n\n<figure class=\"wp-block-gallery has-nested-images columns-default is-cropped\">\n<figure class=\"wp-block-image size-large\"><img loading=\"lazy\" width=\"720\" height=\"1024\" data-id=\"1463\"  src=\"https:\/\/liceulovidius.ro\/desen\/wp-content\/uploads\/2024\/06\/4-1-720x1024.jpg\" alt=\"\" class=\"wp-image-1463\" srcset=\"http:\/\/liceulovidius.ro\/desen\/wp-content\/uploads\/2024\/06\/4-1-720x1024.jpg 720w, http:\/\/liceulovidius.ro\/desen\/wp-content\/uploads\/2024\/06\/4-1-211x300.jpg 211w, http:\/\/liceulovidius.ro\/desen\/wp-content\/uploads\/2024\/06\/4-1-768x1093.jpg 768w, http:\/\/liceulovidius.ro\/desen\/wp-content\/uploads\/2024\/06\/4-1-1079x1536.jpg 1079w, http:\/\/liceulovidius.ro\/desen\/wp-content\/uploads\/2024\/06\/4-1-676x962.jpg 676w, http:\/\/liceulovidius.ro\/desen\/wp-content\/uploads\/2024\/06\/4-1.jpg 1439w\" sizes=\"(max-width: 720px) 100vw, 720px\" \/><\/figure>\n\n\n\n<figure class=\"wp-block-image size-large\"><img loading=\"lazy\" width=\"730\" height=\"1024\" data-id=\"1465\"  src=\"https:\/\/liceulovidius.ro\/desen\/wp-content\/uploads\/2024\/06\/1-5-730x1024.jpg\" alt=\"\" class=\"wp-image-1465\" srcset=\"http:\/\/liceulovidius.ro\/desen\/wp-content\/uploads\/2024\/06\/1-5-730x1024.jpg 730w, http:\/\/liceulovidius.ro\/desen\/wp-content\/uploads\/2024\/06\/1-5-214x300.jpg 214w, http:\/\/liceulovidius.ro\/desen\/wp-content\/uploads\/2024\/06\/1-5-768x1078.jpg 768w, http:\/\/liceulovidius.ro\/desen\/wp-content\/uploads\/2024\/06\/1-5-1094x1536.jpg 1094w, http:\/\/liceulovidius.ro\/desen\/wp-content\/uploads\/2024\/06\/1-5-676x949.jpg 676w, http:\/\/liceulovidius.ro\/desen\/wp-content\/uploads\/2024\/06\/1-5.jpg 1140w\" sizes=\"(max-width: 730px) 100vw, 730px\" \/><\/figure>\n\n\n\n<figure class=\"wp-block-image size-large\"><img loading=\"lazy\" width=\"719\" height=\"1024\" data-id=\"1464\"  src=\"https:\/\/liceulovidius.ro\/desen\/wp-content\/uploads\/2024\/06\/2-1-719x1024.jpg\" alt=\"\" class=\"wp-image-1464\" srcset=\"http:\/\/liceulovidius.ro\/desen\/wp-content\/uploads\/2024\/06\/2-1-719x1024.jpg 719w, http:\/\/liceulovidius.ro\/desen\/wp-content\/uploads\/2024\/06\/2-1-211x300.jpg 211w, http:\/\/liceulovidius.ro\/desen\/wp-content\/uploads\/2024\/06\/2-1-768x1094.jpg 768w, http:\/\/liceulovidius.ro\/desen\/wp-content\/uploads\/2024\/06\/2-1-1078x1536.jpg 1078w, http:\/\/liceulovidius.ro\/desen\/wp-content\/uploads\/2024\/06\/2-1-676x963.jpg 676w, http:\/\/liceulovidius.ro\/desen\/wp-content\/uploads\/2024\/06\/2-1.jpg 1110w\" sizes=\"(max-width: 719px) 100vw, 719px\" \/><\/figure>\n<\/figure>\n\n\n\n<figure class=\"wp-block-gallery has-nested-images columns-default is-cropped\">\n<figure class=\"wp-block-image size-large\"><img loading=\"lazy\" width=\"709\" height=\"1024\" data-id=\"1466\"  src=\"https:\/\/liceulovidius.ro\/desen\/wp-content\/uploads\/2024\/06\/3-1-709x1024.jpg\" alt=\"\" class=\"wp-image-1466\" srcset=\"http:\/\/liceulovidius.ro\/desen\/wp-content\/uploads\/2024\/06\/3-1-709x1024.jpg 709w, http:\/\/liceulovidius.ro\/desen\/wp-content\/uploads\/2024\/06\/3-1-208x300.jpg 208w, http:\/\/liceulovidius.ro\/desen\/wp-content\/uploads\/2024\/06\/3-1-768x1110.jpg 768w, http:\/\/liceulovidius.ro\/desen\/wp-content\/uploads\/2024\/06\/3-1-1063x1536.jpg 1063w, http:\/\/liceulovidius.ro\/desen\/wp-content\/uploads\/2024\/06\/3-1-676x977.jpg 676w, http:\/\/liceulovidius.ro\/desen\/wp-content\/uploads\/2024\/06\/3-1.jpg 1417w\" sizes=\"(max-width: 709px) 100vw, 709px\" \/><\/figure>\n\n\n\n<figure class=\"wp-block-image size-large\"><img loading=\"lazy\" width=\"714\" height=\"1024\" data-id=\"1467\"  src=\"https:\/\/liceulovidius.ro\/desen\/wp-content\/uploads\/2024\/06\/5-1-714x1024.jpg\" alt=\"\" class=\"wp-image-1467\" srcset=\"http:\/\/liceulovidius.ro\/desen\/wp-content\/uploads\/2024\/06\/5-1-714x1024.jpg 714w, http:\/\/liceulovidius.ro\/desen\/wp-content\/uploads\/2024\/06\/5-1-209x300.jpg 209w, http:\/\/liceulovidius.ro\/desen\/wp-content\/uploads\/2024\/06\/5-1-768x1101.jpg 768w, http:\/\/liceulovidius.ro\/desen\/wp-content\/uploads\/2024\/06\/5-1-1071x1536.jpg 1071w, http:\/\/liceulovidius.ro\/desen\/wp-content\/uploads\/2024\/06\/5-1-676x970.jpg 676w, http:\/\/liceulovidius.ro\/desen\/wp-content\/uploads\/2024\/06\/5-1.jpg 1428w\" sizes=\"(max-width: 714px) 100vw, 714px\" \/><\/figure>\n\n\n\n<figure class=\"wp-block-image size-large\"><img loading=\"lazy\" width=\"749\" height=\"1024\" data-id=\"1468\"  src=\"https:\/\/liceulovidius.ro\/desen\/wp-content\/uploads\/2024\/06\/6-1-749x1024.jpg\" alt=\"\" class=\"wp-image-1468\" srcset=\"http:\/\/liceulovidius.ro\/desen\/wp-content\/uploads\/2024\/06\/6-1-749x1024.jpg 749w, http:\/\/liceulovidius.ro\/desen\/wp-content\/uploads\/2024\/06\/6-1-219x300.jpg 219w, http:\/\/liceulovidius.ro\/desen\/wp-content\/uploads\/2024\/06\/6-1-768x1050.jpg 768w, http:\/\/liceulovidius.ro\/desen\/wp-content\/uploads\/2024\/06\/6-1-1123x1536.jpg 1123w, http:\/\/liceulovidius.ro\/desen\/wp-content\/uploads\/2024\/06\/6-1-676x925.jpg 676w, http:\/\/liceulovidius.ro\/desen\/wp-content\/uploads\/2024\/06\/6-1.jpg 1493w\" sizes=\"(max-width: 749px) 100vw, 749px\" \/><\/figure>\n\n\n\n<figure class=\"wp-block-image size-large\"><img loading=\"lazy\" width=\"726\" height=\"1024\" data-id=\"1471\"  src=\"https:\/\/liceulovidius.ro\/desen\/wp-content\/uploads\/2024\/06\/p-1-726x1024.jpg\" alt=\"\" class=\"wp-image-1471\" srcset=\"http:\/\/liceulovidius.ro\/desen\/wp-content\/uploads\/2024\/06\/p-1-726x1024.jpg 726w, http:\/\/liceulovidius.ro\/desen\/wp-content\/uploads\/2024\/06\/p-1-213x300.jpg 213w, http:\/\/liceulovidius.ro\/desen\/wp-content\/uploads\/2024\/06\/p-1-768x1083.jpg 768w, http:\/\/liceulovidius.ro\/desen\/wp-content\/uploads\/2024\/06\/p-1-1090x1536.jpg 1090w, http:\/\/liceulovidius.ro\/desen\/wp-content\/uploads\/2024\/06\/p-1-676x953.jpg 676w, http:\/\/liceulovidius.ro\/desen\/wp-content\/uploads\/2024\/06\/p-1.jpg 1135w\" sizes=\"(max-width: 726px) 100vw, 726px\" \/><\/figure>\n\n\n\n<figure class=\"wp-block-image size-large\"><img loading=\"lazy\" width=\"719\" height=\"1024\" data-id=\"1469\"  src=\"https:\/\/liceulovidius.ro\/desen\/wp-content\/uploads\/2024\/06\/7-1-719x1024.jpg\" alt=\"\" class=\"wp-image-1469\" srcset=\"http:\/\/liceulovidius.ro\/desen\/wp-content\/uploads\/2024\/06\/7-1-719x1024.jpg 719w, http:\/\/liceulovidius.ro\/desen\/wp-content\/uploads\/2024\/06\/7-1-210x300.jpg 210w, http:\/\/liceulovidius.ro\/desen\/wp-content\/uploads\/2024\/06\/7-1-768x1095.jpg 768w, http:\/\/liceulovidius.ro\/desen\/wp-content\/uploads\/2024\/06\/7-1-1078x1536.jpg 1078w, http:\/\/liceulovidius.ro\/desen\/wp-content\/uploads\/2024\/06\/7-1-676x963.jpg 676w, http:\/\/liceulovidius.ro\/desen\/wp-content\/uploads\/2024\/06\/7-1.jpg 1437w\" sizes=\"(max-width: 719px) 100vw, 719px\" \/><\/figure>\n\n\n\n<figure class=\"wp-block-image size-large\"><img loading=\"lazy\" width=\"724\" height=\"1024\" data-id=\"1470\"  src=\"https:\/\/liceulovidius.ro\/desen\/wp-content\/uploads\/2024\/06\/8-1-724x1024.jpg\" alt=\"\" class=\"wp-image-1470\" srcset=\"http:\/\/liceulovidius.ro\/desen\/wp-content\/uploads\/2024\/06\/8-1-724x1024.jpg 724w, http:\/\/liceulovidius.ro\/desen\/wp-content\/uploads\/2024\/06\/8-1-212x300.jpg 212w, http:\/\/liceulovidius.ro\/desen\/wp-content\/uploads\/2024\/06\/8-1-768x1087.jpg 768w, http:\/\/liceulovidius.ro\/desen\/wp-content\/uploads\/2024\/06\/8-1-1085x1536.jpg 1085w, http:\/\/liceulovidius.ro\/desen\/wp-content\/uploads\/2024\/06\/8-1-676x957.jpg 676w, http:\/\/liceulovidius.ro\/desen\/wp-content\/uploads\/2024\/06\/8-1.jpg 1447w\" sizes=\"(max-width: 724px) 100vw, 724px\" \/><\/figure>\n<\/figure>\n\n\n\n<figure class=\"wp-block-gallery has-nested-images columns-default is-cropped\">\n<figure class=\"wp-block-image size-large\"><img loading=\"lazy\" width=\"730\" height=\"1024\" data-id=\"1475\"  src=\"https:\/\/liceulovidius.ro\/desen\/wp-content\/uploads\/2024\/06\/11-1-730x1024.jpg\" alt=\"\" class=\"wp-image-1475\" srcset=\"http:\/\/liceulovidius.ro\/desen\/wp-content\/uploads\/2024\/06\/11-1-730x1024.jpg 730w, http:\/\/liceulovidius.ro\/desen\/wp-content\/uploads\/2024\/06\/11-1-214x300.jpg 214w, http:\/\/liceulovidius.ro\/desen\/wp-content\/uploads\/2024\/06\/11-1-768x1078.jpg 768w, http:\/\/liceulovidius.ro\/desen\/wp-content\/uploads\/2024\/06\/11-1-1094x1536.jpg 1094w, http:\/\/liceulovidius.ro\/desen\/wp-content\/uploads\/2024\/06\/11-1-676x949.jpg 676w, http:\/\/liceulovidius.ro\/desen\/wp-content\/uploads\/2024\/06\/11-1.jpg 1140w\" sizes=\"(max-width: 730px) 100vw, 730px\" \/><\/figure>\n\n\n\n<figure class=\"wp-block-image size-large\"><img loading=\"lazy\" width=\"745\" height=\"1024\" data-id=\"1474\"  src=\"https:\/\/liceulovidius.ro\/desen\/wp-content\/uploads\/2024\/06\/12-1-745x1024.jpg\" alt=\"\" class=\"wp-image-1474\" srcset=\"http:\/\/liceulovidius.ro\/desen\/wp-content\/uploads\/2024\/06\/12-1-745x1024.jpg 745w, http:\/\/liceulovidius.ro\/desen\/wp-content\/uploads\/2024\/06\/12-1-218x300.jpg 218w, http:\/\/liceulovidius.ro\/desen\/wp-content\/uploads\/2024\/06\/12-1-768x1056.jpg 768w, http:\/\/liceulovidius.ro\/desen\/wp-content\/uploads\/2024\/06\/12-1-1117x1536.jpg 1117w, http:\/\/liceulovidius.ro\/desen\/wp-content\/uploads\/2024\/06\/12-1-676x929.jpg 676w, http:\/\/liceulovidius.ro\/desen\/wp-content\/uploads\/2024\/06\/12-1.jpg 1164w\" sizes=\"(max-width: 745px) 100vw, 745px\" \/><\/figure>\n\n\n\n<figure class=\"wp-block-image size-large\"><img loading=\"lazy\" width=\"712\" height=\"1024\" data-id=\"1480\"  src=\"https:\/\/liceulovidius.ro\/desen\/wp-content\/uploads\/2024\/06\/16-1-712x1024.jpg\" alt=\"\" class=\"wp-image-1480\" srcset=\"http:\/\/liceulovidius.ro\/desen\/wp-content\/uploads\/2024\/06\/16-1-712x1024.jpg 712w, http:\/\/liceulovidius.ro\/desen\/wp-content\/uploads\/2024\/06\/16-1-209x300.jpg 209w, http:\/\/liceulovidius.ro\/desen\/wp-content\/uploads\/2024\/06\/16-1-768x1105.jpg 768w, http:\/\/liceulovidius.ro\/desen\/wp-content\/uploads\/2024\/06\/16-1-1068x1536.jpg 1068w, http:\/\/liceulovidius.ro\/desen\/wp-content\/uploads\/2024\/06\/16-1-676x973.jpg 676w, http:\/\/liceulovidius.ro\/desen\/wp-content\/uploads\/2024\/06\/16-1.jpg 1112w\" sizes=\"(max-width: 712px) 100vw, 712px\" \/><\/figure>\n\n\n\n<figure class=\"wp-block-image size-large\"><img loading=\"lazy\" width=\"709\" height=\"1024\" data-id=\"1476\"  src=\"https:\/\/liceulovidius.ro\/desen\/wp-content\/uploads\/2024\/06\/10-2-709x1024.jpg\" alt=\"\" class=\"wp-image-1476\" srcset=\"http:\/\/liceulovidius.ro\/desen\/wp-content\/uploads\/2024\/06\/10-2-709x1024.jpg 709w, http:\/\/liceulovidius.ro\/desen\/wp-content\/uploads\/2024\/06\/10-2-208x300.jpg 208w, http:\/\/liceulovidius.ro\/desen\/wp-content\/uploads\/2024\/06\/10-2-768x1109.jpg 768w, http:\/\/liceulovidius.ro\/desen\/wp-content\/uploads\/2024\/06\/10-2-1064x1536.jpg 1064w, http:\/\/liceulovidius.ro\/desen\/wp-content\/uploads\/2024\/06\/10-2-676x976.jpg 676w, http:\/\/liceulovidius.ro\/desen\/wp-content\/uploads\/2024\/06\/10-2.jpg 1108w\" sizes=\"(max-width: 709px) 100vw, 709px\" \/><\/figure>\n\n\n\n<figure class=\"wp-block-image size-large\"><img loading=\"lazy\" width=\"736\" height=\"1024\" data-id=\"1477\"  src=\"https:\/\/liceulovidius.ro\/desen\/wp-content\/uploads\/2024\/06\/13-1-736x1024.jpg\" alt=\"\" class=\"wp-image-1477\" srcset=\"http:\/\/liceulovidius.ro\/desen\/wp-content\/uploads\/2024\/06\/13-1-736x1024.jpg 736w, http:\/\/liceulovidius.ro\/desen\/wp-content\/uploads\/2024\/06\/13-1-216x300.jpg 216w, http:\/\/liceulovidius.ro\/desen\/wp-content\/uploads\/2024\/06\/13-1-768x1069.jpg 768w, http:\/\/liceulovidius.ro\/desen\/wp-content\/uploads\/2024\/06\/13-1-1104x1536.jpg 1104w, http:\/\/liceulovidius.ro\/desen\/wp-content\/uploads\/2024\/06\/13-1-676x941.jpg 676w, http:\/\/liceulovidius.ro\/desen\/wp-content\/uploads\/2024\/06\/13-1.jpg 1149w\" sizes=\"(max-width: 736px) 100vw, 736px\" \/><\/figure>\n\n\n\n<figure class=\"wp-block-image size-large\"><img loading=\"lazy\" width=\"798\" height=\"1024\" data-id=\"1478\"  src=\"https:\/\/liceulovidius.ro\/desen\/wp-content\/uploads\/2024\/06\/15-798x1024.jpg\" alt=\"\" class=\"wp-image-1478\" srcset=\"http:\/\/liceulovidius.ro\/desen\/wp-content\/uploads\/2024\/06\/15-798x1024.jpg 798w, http:\/\/liceulovidius.ro\/desen\/wp-content\/uploads\/2024\/06\/15-234x300.jpg 234w, http:\/\/liceulovidius.ro\/desen\/wp-content\/uploads\/2024\/06\/15-768x985.jpg 768w, http:\/\/liceulovidius.ro\/desen\/wp-content\/uploads\/2024\/06\/15-1197x1536.jpg 1197w, http:\/\/liceulovidius.ro\/desen\/wp-content\/uploads\/2024\/06\/15-676x867.jpg 676w, http:\/\/liceulovidius.ro\/desen\/wp-content\/uploads\/2024\/06\/15.jpg 1247w\" sizes=\"(max-width: 798px) 100vw, 798px\" \/><\/figure>\n\n\n\n<figure class=\"wp-block-image size-large\"><img loading=\"lazy\" width=\"1024\" height=\"711\" data-id=\"1479\"  src=\"https:\/\/liceulovidius.ro\/desen\/wp-content\/uploads\/2024\/06\/9-3-1024x711.jpg\" alt=\"\" class=\"wp-image-1479\" srcset=\"http:\/\/liceulovidius.ro\/desen\/wp-content\/uploads\/2024\/06\/9-3-1024x711.jpg 1024w, http:\/\/liceulovidius.ro\/desen\/wp-content\/uploads\/2024\/06\/9-3-300x208.jpg 300w, http:\/\/liceulovidius.ro\/desen\/wp-content\/uploads\/2024\/06\/9-3-768x533.jpg 768w, http:\/\/liceulovidius.ro\/desen\/wp-content\/uploads\/2024\/06\/9-3-1536x1066.jpg 1536w, http:\/\/liceulovidius.ro\/desen\/wp-content\/uploads\/2024\/06\/9-3-676x469.jpg 676w, http:\/\/liceulovidius.ro\/desen\/wp-content\/uploads\/2024\/06\/9-3.jpg 1595w\" sizes=\"(max-width: 1024px) 100vw, 1024px\" \/><\/figure>\n<\/figure>\n\n\n\n<figure class=\"wp-block-gallery has-nested-images columns-default is-cropped\"><\/figure>\n","protected":false},"excerpt":{"rendered":"<p>Liceul Teoretic ,,Ovidius\u201d \u015fi \u015ecoala Gimnazial\u0103 nr. 8 Constan\u0163a, au lansat edi\u0163ia a VIII-a a concursului inter\u015fcolar de Arte vizuale ,,Imagine \u015fi simbol \u00een arta rom\u00e2neasc\u0103\u201d, av\u00e2nd ca tema ,,Ia rom\u00e2neasc\u0103\u201d. Concursul de Arte vizuale \u00ee\u015fi propune s\u0103 descopere, s\u0103 \u00eencurajeze \u015fi s\u0103 promoveze crea\u0163iile deosebite ale elevilor din \u015fcolile gimnaziale \u015fi liceele partenere. Acesta [&hellip;]<\/p>\n","protected":false},"author":3,"featured_media":0,"parent":0,"menu_order":0,"comment_status":"closed","ping_status":"closed","template":"","meta":[],"_links":{"self":[{"href":"http:\/\/liceulovidius.ro\/desen\/index.php\/wp-json\/wp\/v2\/pages\/1462"}],"collection":[{"href":"http:\/\/liceulovidius.ro\/desen\/index.php\/wp-json\/wp\/v2\/pages"}],"about":[{"href":"http:\/\/liceulovidius.ro\/desen\/index.php\/wp-json\/wp\/v2\/types\/page"}],"author":[{"embeddable":true,"href":"http:\/\/liceulovidius.ro\/desen\/index.php\/wp-json\/wp\/v2\/users\/3"}],"replies":[{"embeddable":true,"href":"http:\/\/liceulovidius.ro\/desen\/index.php\/wp-json\/wp\/v2\/comments?post=1462"}],"version-history":[{"count":2,"href":"http:\/\/liceulovidius.ro\/desen\/index.php\/wp-json\/wp\/v2\/pages\/1462\/revisions"}],"predecessor-version":[{"id":1484,"href":"http:\/\/liceulovidius.ro\/desen\/index.php\/wp-json\/wp\/v2\/pages\/1462\/revisions\/1484"}],"wp:attachment":[{"href":"http:\/\/liceulovidius.ro\/desen\/index.php\/wp-json\/wp\/v2\/media?parent=1462"}],"curies":[{"name":"wp","href":"https:\/\/api.w.org\/{rel}","templated":true}]}}