{"id":1593,"date":"2025-05-07T09:14:48","date_gmt":"2025-05-07T09:14:48","guid":{"rendered":"https:\/\/liceulovidius.ro\/desen\/?page_id=1593"},"modified":"2025-05-07T09:14:48","modified_gmt":"2025-05-07T09:14:48","slug":"castigatorii-concursului-national-de-arte-plastice-hans-hermann-arta-inspiratie-si-recunoastere-la-sibiu","status":"publish","type":"page","link":"http:\/\/liceulovidius.ro\/desen\/index.php\/castigatorii-concursului-national-de-arte-plastice-hans-hermann-arta-inspiratie-si-recunoastere-la-sibiu\/","title":{"rendered":"<strong>C\u00e2\u015ftig\u0103torii Concursului <\/strong><strong>Na\u021bional&nbsp; de Arte Plastice ,,Hans Hermann\u201d<\/strong>&#8211;<strong> <\/strong><strong>art\u0103, inspira\u021bie \u0219i recunoa\u0219tere la Sibiu<\/strong>"},"content":{"rendered":"\n<p class=\"has-text-align-left\">&nbsp;&nbsp;&nbsp;&nbsp;&nbsp; \u00cen perioada 28-30 aprilie 2025, Liceul de Art\u0103 din Sibiu a organizat Concursul Na\u021bional de Arte Plastice ,,Hans Hermann\u201d edi\u021bia a XV-a. La concurs au participat tineri talenta\u0163i din 29 de jude\u021be ale \u021b\u0103rii, at\u00e2t din liceele de art\u0103, c\u00e2t \u0219i din liceele teoretice din \u0163ar\u0103. Tema propus\u0103 de c\u0103tre organizatori, pentru edi\u021bia a XV-a a fost: <em>Portret, Confluen\u021be \u00eentre trecut \u0219i prezent<\/em>.&nbsp;&nbsp;&nbsp;&nbsp;&nbsp;&nbsp;&nbsp;&nbsp;&nbsp;&nbsp;&nbsp;&nbsp;&nbsp;&nbsp;&nbsp;&nbsp;&nbsp;&nbsp;&nbsp;&nbsp;&nbsp;&nbsp;&nbsp;&nbsp;&nbsp;&nbsp;&nbsp;&nbsp;&nbsp;&nbsp;&nbsp;&nbsp;&nbsp;&nbsp;&nbsp;&nbsp;&nbsp;&nbsp;&nbsp;&nbsp;&nbsp;&nbsp;&nbsp;&nbsp;&nbsp;&nbsp;&nbsp;&nbsp;&nbsp;&nbsp;&nbsp;&nbsp;<\/p>\n\n\n\n<p class=\"has-text-align-left\">&nbsp;&nbsp;&nbsp;&nbsp;&nbsp; Eleva Diaconu Emma-Cristina care au ob\u0163inut premiu I, al\u0103turi de profesorul coordonator Iustina Silvana Ursu, au fost invitate la Sibiu pentru a participa la un atelier de crea\u021bie organizat \u00eempreun\u0103 cu elevii \u0219i profesorii liceelor de art\u0103. Atelierele au avut loc \u00een cadrul Muzeului ,,Astra\u201d din Sibiu \u0219i la Casa de Cultur\u0103 din R\u0103\u0219inari.<\/p>\n\n\n\n<p class=\"has-text-align-left\">&nbsp;&nbsp;&nbsp;&nbsp;&nbsp;&nbsp; Concursul a reprezentat un prilej de \u00eent\u00e2lnire \u0219i schimb de idei \u00eentre elevii pasiona\u021bi de arte, favoriz\u00e2nd formarea unor leg\u0103turi durabile \u00een mediul artistic.<\/p>\n\n\n\n<p class=\"has-text-align-left\">&nbsp;&nbsp;&nbsp;&nbsp;&nbsp; Vernisajul \u015fi premierea laurea\u0163ilor a avut loc la Galeria Uniunii Arti\u0219tilor Plastici din Sibiu.<\/p>\n\n\n\n<p class=\"has-text-align-left\">Dou\u0103 eleve de la Liceul Teoretic \u201eOvidius\u201d&nbsp; au fost premiate: Diaconu Emma-Cristina, clasa a IX-a F a ob\u0163inut premiul I \u015fi Urutoiu Teodora-Irina, clasa a X-a D a ob\u0163inut premiul III.&nbsp;<\/p>\n\n\n\n<p>Lucr\u0103rile premiate sunt expuse publicului \u00eentr-o expozi\u021bie special\u0103 la Galeria UAP Sibiu din Pia\u0163a Mare.<\/p>\n\n\n\n<div class=\"wp-container-1 wp-block-group\"><div class=\"wp-block-group__inner-container\">\n<figure class=\"wp-block-gallery has-nested-images columns-default is-cropped\">\n<figure class=\"wp-block-image size-large\"><img loading=\"lazy\" width=\"771\" height=\"1024\" src=\"https:\/\/liceulovidius.ro\/desen\/wp-content\/uploads\/2025\/05\/494218287_9744405192291243_3012174902844156720_n-1-771x1024.jpg\" alt=\"\" class=\"wp-image-1598\" srcset=\"http:\/\/liceulovidius.ro\/desen\/wp-content\/uploads\/2025\/05\/494218287_9744405192291243_3012174902844156720_n-1-771x1024.jpg 771w, http:\/\/liceulovidius.ro\/desen\/wp-content\/uploads\/2025\/05\/494218287_9744405192291243_3012174902844156720_n-1-226x300.jpg 226w, http:\/\/liceulovidius.ro\/desen\/wp-content\/uploads\/2025\/05\/494218287_9744405192291243_3012174902844156720_n-1-768x1021.jpg 768w, http:\/\/liceulovidius.ro\/desen\/wp-content\/uploads\/2025\/05\/494218287_9744405192291243_3012174902844156720_n-1-1156x1536.jpg 1156w, http:\/\/liceulovidius.ro\/desen\/wp-content\/uploads\/2025\/05\/494218287_9744405192291243_3012174902844156720_n-1-676x898.jpg 676w, http:\/\/liceulovidius.ro\/desen\/wp-content\/uploads\/2025\/05\/494218287_9744405192291243_3012174902844156720_n-1.jpg 1204w\" sizes=\"(max-width: 771px) 100vw, 771px\" \/><\/figure>\n<\/figure>\n\n\n\n<figure class=\"wp-block-gallery has-nested-images columns-default is-cropped\">\n<figure class=\"wp-block-image size-large\"><img loading=\"lazy\" width=\"722\" height=\"1024\" src=\"https:\/\/liceulovidius.ro\/desen\/wp-content\/uploads\/2025\/05\/494309632_9744404858957943_2091173114975595130_n-1-722x1024.jpg\" alt=\"\" class=\"wp-image-1599\" srcset=\"http:\/\/liceulovidius.ro\/desen\/wp-content\/uploads\/2025\/05\/494309632_9744404858957943_2091173114975595130_n-1-722x1024.jpg 722w, http:\/\/liceulovidius.ro\/desen\/wp-content\/uploads\/2025\/05\/494309632_9744404858957943_2091173114975595130_n-1-212x300.jpg 212w, http:\/\/liceulovidius.ro\/desen\/wp-content\/uploads\/2025\/05\/494309632_9744404858957943_2091173114975595130_n-1-768x1089.jpg 768w, http:\/\/liceulovidius.ro\/desen\/wp-content\/uploads\/2025\/05\/494309632_9744404858957943_2091173114975595130_n-1-676x959.jpg 676w, http:\/\/liceulovidius.ro\/desen\/wp-content\/uploads\/2025\/05\/494309632_9744404858957943_2091173114975595130_n-1.jpg 959w\" sizes=\"(max-width: 722px) 100vw, 722px\" \/><\/figure>\n\n\n\n<figure class=\"wp-block-image size-large\"><img loading=\"lazy\" width=\"771\" height=\"1024\" src=\"https:\/\/liceulovidius.ro\/desen\/wp-content\/uploads\/2025\/05\/494536198_9744406388957790_5212193450699143104_n-771x1024.jpg\" alt=\"\" class=\"wp-image-1596\" srcset=\"http:\/\/liceulovidius.ro\/desen\/wp-content\/uploads\/2025\/05\/494536198_9744406388957790_5212193450699143104_n-771x1024.jpg 771w, http:\/\/liceulovidius.ro\/desen\/wp-content\/uploads\/2025\/05\/494536198_9744406388957790_5212193450699143104_n-226x300.jpg 226w, http:\/\/liceulovidius.ro\/desen\/wp-content\/uploads\/2025\/05\/494536198_9744406388957790_5212193450699143104_n-768x1020.jpg 768w, http:\/\/liceulovidius.ro\/desen\/wp-content\/uploads\/2025\/05\/494536198_9744406388957790_5212193450699143104_n-1157x1536.jpg 1157w, http:\/\/liceulovidius.ro\/desen\/wp-content\/uploads\/2025\/05\/494536198_9744406388957790_5212193450699143104_n-676x898.jpg 676w, http:\/\/liceulovidius.ro\/desen\/wp-content\/uploads\/2025\/05\/494536198_9744406388957790_5212193450699143104_n.jpg 1542w\" sizes=\"(max-width: 771px) 100vw, 771px\" \/><\/figure>\n<\/figure>\n<\/div><\/div>\n\n\n\n<figure class=\"wp-block-gallery has-nested-images columns-default is-cropped\">\n<figure class=\"wp-block-image size-large\"><img loading=\"lazy\" width=\"1024\" height=\"771\" data-id=\"1597\"  src=\"https:\/\/liceulovidius.ro\/desen\/wp-content\/uploads\/2025\/05\/494700832_9739361529462276_4076882406480027495_n-1024x771.jpg\" alt=\"\" class=\"wp-image-1597\" srcset=\"http:\/\/liceulovidius.ro\/desen\/wp-content\/uploads\/2025\/05\/494700832_9739361529462276_4076882406480027495_n-1024x771.jpg 1024w, http:\/\/liceulovidius.ro\/desen\/wp-content\/uploads\/2025\/05\/494700832_9739361529462276_4076882406480027495_n-300x226.jpg 300w, http:\/\/liceulovidius.ro\/desen\/wp-content\/uploads\/2025\/05\/494700832_9739361529462276_4076882406480027495_n-768x578.jpg 768w, http:\/\/liceulovidius.ro\/desen\/wp-content\/uploads\/2025\/05\/494700832_9739361529462276_4076882406480027495_n-1536x1157.jpg 1536w, http:\/\/liceulovidius.ro\/desen\/wp-content\/uploads\/2025\/05\/494700832_9739361529462276_4076882406480027495_n-676x509.jpg 676w, http:\/\/liceulovidius.ro\/desen\/wp-content\/uploads\/2025\/05\/494700832_9739361529462276_4076882406480027495_n.jpg 2048w\" sizes=\"(max-width: 1024px) 100vw, 1024px\" \/><\/figure>\n<\/figure>\n","protected":false},"excerpt":{"rendered":"<p>&nbsp;&nbsp;&nbsp;&nbsp;&nbsp; \u00cen perioada 28-30 aprilie 2025, Liceul de Art\u0103 din Sibiu a organizat Concursul Na\u021bional de Arte Plastice ,,Hans Hermann\u201d edi\u021bia a XV-a. La concurs au participat tineri talenta\u0163i din 29 de jude\u021be ale \u021b\u0103rii, at\u00e2t din liceele de art\u0103, c\u00e2t \u0219i din liceele teoretice din \u0163ar\u0103. Tema propus\u0103 de c\u0103tre organizatori, pentru edi\u021bia a [&hellip;]<\/p>\n","protected":false},"author":3,"featured_media":0,"parent":0,"menu_order":0,"comment_status":"closed","ping_status":"closed","template":"","meta":[],"_links":{"self":[{"href":"http:\/\/liceulovidius.ro\/desen\/index.php\/wp-json\/wp\/v2\/pages\/1593"}],"collection":[{"href":"http:\/\/liceulovidius.ro\/desen\/index.php\/wp-json\/wp\/v2\/pages"}],"about":[{"href":"http:\/\/liceulovidius.ro\/desen\/index.php\/wp-json\/wp\/v2\/types\/page"}],"author":[{"embeddable":true,"href":"http:\/\/liceulovidius.ro\/desen\/index.php\/wp-json\/wp\/v2\/users\/3"}],"replies":[{"embeddable":true,"href":"http:\/\/liceulovidius.ro\/desen\/index.php\/wp-json\/wp\/v2\/comments?post=1593"}],"version-history":[{"count":1,"href":"http:\/\/liceulovidius.ro\/desen\/index.php\/wp-json\/wp\/v2\/pages\/1593\/revisions"}],"predecessor-version":[{"id":1601,"href":"http:\/\/liceulovidius.ro\/desen\/index.php\/wp-json\/wp\/v2\/pages\/1593\/revisions\/1601"}],"wp:attachment":[{"href":"http:\/\/liceulovidius.ro\/desen\/index.php\/wp-json\/wp\/v2\/media?parent=1593"}],"curies":[{"name":"wp","href":"https:\/\/api.w.org\/{rel}","templated":true}]}}