{"id":510,"date":"2019-02-02T09:14:36","date_gmt":"2019-02-02T09:14:36","guid":{"rendered":"http:\/\/liceulovidius.ro\/desen\/?page_id=510"},"modified":"2019-06-24T13:27:14","modified_gmt":"2019-06-24T13:27:14","slug":"expozitie-de-banda-desenata-bd-noel-bd-santa-biblioteca-judeteanai-n-roman-constanta","status":"publish","type":"page","link":"http:\/\/liceulovidius.ro\/desen\/index.php\/expozitie-de-banda-desenata-bd-noel-bd-santa-biblioteca-judeteanai-n-roman-constanta\/","title":{"rendered":"Expozi\u0163ie de Band\u0103 Desenat\u0103- BD No\u00ebl\/BD Santa-Biblioteca Jude\u0163ean\u0103,,I.N. Roman&#8221; Constan\u0163a-6 decembrie 2018"},"content":{"rendered":"\n<ul class=\"wp-block-gallery columns-3 is-cropped\"><li class=\"blocks-gallery-item\"><figure><img loading=\"lazy\" width=\"960\" height=\"720\" src=\"http:\/\/liceulovidius.ro\/desen\/wp-content\/uploads\/2019\/02\/10-1.jpg\" alt=\"\" data-id=\"511\" data-link=\"http:\/\/liceulovidius.ro\/desen\/?attachment_id=511\" class=\"wp-image-511\" srcset=\"http:\/\/liceulovidius.ro\/desen\/wp-content\/uploads\/2019\/02\/10-1.jpg 960w, http:\/\/liceulovidius.ro\/desen\/wp-content\/uploads\/2019\/02\/10-1-300x225.jpg 300w, http:\/\/liceulovidius.ro\/desen\/wp-content\/uploads\/2019\/02\/10-1-768x576.jpg 768w\" sizes=\"(max-width: 960px) 100vw, 960px\" \/><\/figure><\/li><li class=\"blocks-gallery-item\"><figure><img loading=\"lazy\" width=\"768\" height=\"1024\" src=\"http:\/\/liceulovidius.ro\/desen\/wp-content\/uploads\/2019\/02\/3a-768x1024.jpg\" alt=\"\" data-id=\"512\" data-link=\"http:\/\/liceulovidius.ro\/desen\/?attachment_id=512\" class=\"wp-image-512\" srcset=\"http:\/\/liceulovidius.ro\/desen\/wp-content\/uploads\/2019\/02\/3a-768x1024.jpg 768w, http:\/\/liceulovidius.ro\/desen\/wp-content\/uploads\/2019\/02\/3a-225x300.jpg 225w\" sizes=\"(max-width: 768px) 100vw, 768px\" \/><\/figure><\/li><li class=\"blocks-gallery-item\"><figure><img loading=\"lazy\" width=\"1024\" height=\"768\" src=\"http:\/\/liceulovidius.ro\/desen\/wp-content\/uploads\/2019\/02\/3-1-1024x768.jpg\" alt=\"\" data-id=\"513\" data-link=\"http:\/\/liceulovidius.ro\/desen\/?attachment_id=513\" class=\"wp-image-513\" srcset=\"http:\/\/liceulovidius.ro\/desen\/wp-content\/uploads\/2019\/02\/3-1-1024x768.jpg 1024w, http:\/\/liceulovidius.ro\/desen\/wp-content\/uploads\/2019\/02\/3-1-300x225.jpg 300w, http:\/\/liceulovidius.ro\/desen\/wp-content\/uploads\/2019\/02\/3-1-768x576.jpg 768w\" sizes=\"(max-width: 1024px) 100vw, 1024px\" \/><\/figure><\/li><li class=\"blocks-gallery-item\"><figure><img loading=\"lazy\" width=\"768\" height=\"1024\" src=\"http:\/\/liceulovidius.ro\/desen\/wp-content\/uploads\/2019\/02\/2a-768x1024.jpg\" alt=\"\" data-id=\"514\" data-link=\"http:\/\/liceulovidius.ro\/desen\/?attachment_id=514\" class=\"wp-image-514\" srcset=\"http:\/\/liceulovidius.ro\/desen\/wp-content\/uploads\/2019\/02\/2a-768x1024.jpg 768w, http:\/\/liceulovidius.ro\/desen\/wp-content\/uploads\/2019\/02\/2a-225x300.jpg 225w\" sizes=\"(max-width: 768px) 100vw, 768px\" \/><\/figure><\/li><li class=\"blocks-gallery-item\"><figure><img loading=\"lazy\" width=\"768\" height=\"1024\" src=\"http:\/\/liceulovidius.ro\/desen\/wp-content\/uploads\/2019\/02\/2-1-768x1024.jpg\" alt=\"\" data-id=\"515\" data-link=\"http:\/\/liceulovidius.ro\/desen\/?attachment_id=515\" class=\"wp-image-515\" srcset=\"http:\/\/liceulovidius.ro\/desen\/wp-content\/uploads\/2019\/02\/2-1-768x1024.jpg 768w, http:\/\/liceulovidius.ro\/desen\/wp-content\/uploads\/2019\/02\/2-1-225x300.jpg 225w\" sizes=\"(max-width: 768px) 100vw, 768px\" \/><\/figure><\/li><li class=\"blocks-gallery-item\"><figure><img loading=\"lazy\" width=\"768\" height=\"1024\" src=\"http:\/\/liceulovidius.ro\/desen\/wp-content\/uploads\/2019\/02\/1a-768x1024.jpg\" alt=\"\" data-id=\"517\" data-link=\"http:\/\/liceulovidius.ro\/desen\/?attachment_id=517\" class=\"wp-image-517\" srcset=\"http:\/\/liceulovidius.ro\/desen\/wp-content\/uploads\/2019\/02\/1a-768x1024.jpg 768w, http:\/\/liceulovidius.ro\/desen\/wp-content\/uploads\/2019\/02\/1a-225x300.jpg 225w\" sizes=\"(max-width: 768px) 100vw, 768px\" \/><\/figure><\/li><li class=\"blocks-gallery-item\"><figure><img loading=\"lazy\" width=\"1024\" height=\"768\" src=\"http:\/\/liceulovidius.ro\/desen\/wp-content\/uploads\/2019\/02\/3-2-1024x768.jpg\" alt=\"\" data-id=\"518\" data-link=\"http:\/\/liceulovidius.ro\/desen\/?attachment_id=518\" class=\"wp-image-518\" srcset=\"http:\/\/liceulovidius.ro\/desen\/wp-content\/uploads\/2019\/02\/3-2-1024x768.jpg 1024w, http:\/\/liceulovidius.ro\/desen\/wp-content\/uploads\/2019\/02\/3-2-300x225.jpg 300w, http:\/\/liceulovidius.ro\/desen\/wp-content\/uploads\/2019\/02\/3-2-768x576.jpg 768w\" sizes=\"(max-width: 1024px) 100vw, 1024px\" \/><\/figure><\/li><\/ul>\n","protected":false},"excerpt":{"rendered":"","protected":false},"author":3,"featured_media":0,"parent":0,"menu_order":0,"comment_status":"closed","ping_status":"closed","template":"","meta":[],"_links":{"self":[{"href":"http:\/\/liceulovidius.ro\/desen\/index.php\/wp-json\/wp\/v2\/pages\/510"}],"collection":[{"href":"http:\/\/liceulovidius.ro\/desen\/index.php\/wp-json\/wp\/v2\/pages"}],"about":[{"href":"http:\/\/liceulovidius.ro\/desen\/index.php\/wp-json\/wp\/v2\/types\/page"}],"author":[{"embeddable":true,"href":"http:\/\/liceulovidius.ro\/desen\/index.php\/wp-json\/wp\/v2\/users\/3"}],"replies":[{"embeddable":true,"href":"http:\/\/liceulovidius.ro\/desen\/index.php\/wp-json\/wp\/v2\/comments?post=510"}],"version-history":[{"count":3,"href":"http:\/\/liceulovidius.ro\/desen\/index.php\/wp-json\/wp\/v2\/pages\/510\/revisions"}],"predecessor-version":[{"id":791,"href":"http:\/\/liceulovidius.ro\/desen\/index.php\/wp-json\/wp\/v2\/pages\/510\/revisions\/791"}],"wp:attachment":[{"href":"http:\/\/liceulovidius.ro\/desen\/index.php\/wp-json\/wp\/v2\/media?parent=510"}],"curies":[{"name":"wp","href":"https:\/\/api.w.org\/{rel}","templated":true}]}}