{"id":763,"date":"2020-02-07T07:51:12","date_gmt":"2020-02-07T07:51:12","guid":{"rendered":"http:\/\/liceulovidius.ro\/desen\/?page_id=763"},"modified":"2020-02-07T07:51:12","modified_gmt":"2020-02-07T07:51:12","slug":"expozitie-de-pictura-subacvaticul-marii-negre-liceul-teoretic-ovidius-31-octombrie-2019-ziua-internationala-a-marii-negre","status":"publish","type":"page","link":"http:\/\/liceulovidius.ro\/desen\/index.php\/expozitie-de-pictura-subacvaticul-marii-negre-liceul-teoretic-ovidius-31-octombrie-2019-ziua-internationala-a-marii-negre\/","title":{"rendered":"Expozi\u0163ie de pictur\u0103 ,,Subacvaticul M\u0103rii Negre\u2019\u2019 Liceul Teoretic ,,Ovidius\u2019&#8217;   31 octombrie 2019 \u2013Ziua Interna\u0163ional\u0103 a M\u0103rii Negre"},"content":{"rendered":"\n<ul class=\"wp-block-gallery columns-3 is-cropped\"><li class=\"blocks-gallery-item\"><figure><img loading=\"lazy\" width=\"929\" height=\"611\" src=\"http:\/\/liceulovidius.ro\/desen\/wp-content\/uploads\/2020\/02\/1.jpg\" alt=\"\" data-id=\"764\" data-link=\"http:\/\/liceulovidius.ro\/desen\/?attachment_id=764\" class=\"wp-image-764\" srcset=\"http:\/\/liceulovidius.ro\/desen\/wp-content\/uploads\/2020\/02\/1.jpg 929w, http:\/\/liceulovidius.ro\/desen\/wp-content\/uploads\/2020\/02\/1-300x197.jpg 300w, http:\/\/liceulovidius.ro\/desen\/wp-content\/uploads\/2020\/02\/1-768x505.jpg 768w\" sizes=\"(max-width: 929px) 100vw, 929px\" \/><\/figure><\/li><li class=\"blocks-gallery-item\"><figure><img loading=\"lazy\" width=\"960\" height=\"521\" src=\"http:\/\/liceulovidius.ro\/desen\/wp-content\/uploads\/2020\/02\/2.jpg\" alt=\"\" data-id=\"765\" data-link=\"http:\/\/liceulovidius.ro\/desen\/?attachment_id=765\" class=\"wp-image-765\" srcset=\"http:\/\/liceulovidius.ro\/desen\/wp-content\/uploads\/2020\/02\/2.jpg 960w, http:\/\/liceulovidius.ro\/desen\/wp-content\/uploads\/2020\/02\/2-300x163.jpg 300w, http:\/\/liceulovidius.ro\/desen\/wp-content\/uploads\/2020\/02\/2-768x417.jpg 768w\" sizes=\"(max-width: 960px) 100vw, 960px\" \/><\/figure><\/li><li class=\"blocks-gallery-item\"><figure><img loading=\"lazy\" width=\"960\" height=\"720\" src=\"http:\/\/liceulovidius.ro\/desen\/wp-content\/uploads\/2020\/02\/3.jpg\" alt=\"\" data-id=\"766\" data-link=\"http:\/\/liceulovidius.ro\/desen\/?attachment_id=766\" class=\"wp-image-766\" srcset=\"http:\/\/liceulovidius.ro\/desen\/wp-content\/uploads\/2020\/02\/3.jpg 960w, http:\/\/liceulovidius.ro\/desen\/wp-content\/uploads\/2020\/02\/3-300x225.jpg 300w, http:\/\/liceulovidius.ro\/desen\/wp-content\/uploads\/2020\/02\/3-768x576.jpg 768w\" sizes=\"(max-width: 960px) 100vw, 960px\" \/><\/figure><\/li><li class=\"blocks-gallery-item\"><figure><img loading=\"lazy\" width=\"949\" height=\"567\" src=\"http:\/\/liceulovidius.ro\/desen\/wp-content\/uploads\/2020\/02\/3a.jpg\" alt=\"\" data-id=\"767\" data-link=\"http:\/\/liceulovidius.ro\/desen\/?attachment_id=767\" class=\"wp-image-767\" srcset=\"http:\/\/liceulovidius.ro\/desen\/wp-content\/uploads\/2020\/02\/3a.jpg 949w, http:\/\/liceulovidius.ro\/desen\/wp-content\/uploads\/2020\/02\/3a-300x179.jpg 300w, http:\/\/liceulovidius.ro\/desen\/wp-content\/uploads\/2020\/02\/3a-768x459.jpg 768w\" sizes=\"(max-width: 949px) 100vw, 949px\" \/><\/figure><\/li><li class=\"blocks-gallery-item\"><figure><img loading=\"lazy\" width=\"960\" height=\"564\" src=\"http:\/\/liceulovidius.ro\/desen\/wp-content\/uploads\/2020\/02\/3b.jpg\" alt=\"\" data-id=\"768\" data-link=\"http:\/\/liceulovidius.ro\/desen\/?attachment_id=768\" class=\"wp-image-768\" srcset=\"http:\/\/liceulovidius.ro\/desen\/wp-content\/uploads\/2020\/02\/3b.jpg 960w, http:\/\/liceulovidius.ro\/desen\/wp-content\/uploads\/2020\/02\/3b-300x176.jpg 300w, http:\/\/liceulovidius.ro\/desen\/wp-content\/uploads\/2020\/02\/3b-768x451.jpg 768w\" sizes=\"(max-width: 960px) 100vw, 960px\" \/><\/figure><\/li><li class=\"blocks-gallery-item\"><figure><img loading=\"lazy\" width=\"922\" height=\"559\" src=\"http:\/\/liceulovidius.ro\/desen\/wp-content\/uploads\/2020\/02\/4.jpg\" alt=\"\" data-id=\"769\" data-link=\"http:\/\/liceulovidius.ro\/desen\/?attachment_id=769\" class=\"wp-image-769\" srcset=\"http:\/\/liceulovidius.ro\/desen\/wp-content\/uploads\/2020\/02\/4.jpg 922w, http:\/\/liceulovidius.ro\/desen\/wp-content\/uploads\/2020\/02\/4-300x182.jpg 300w, http:\/\/liceulovidius.ro\/desen\/wp-content\/uploads\/2020\/02\/4-768x466.jpg 768w\" sizes=\"(max-width: 922px) 100vw, 922px\" \/><\/figure><\/li><li class=\"blocks-gallery-item\"><figure><img loading=\"lazy\" width=\"960\" height=\"581\" src=\"http:\/\/liceulovidius.ro\/desen\/wp-content\/uploads\/2020\/02\/5.jpg\" alt=\"\" data-id=\"770\" data-link=\"http:\/\/liceulovidius.ro\/desen\/?attachment_id=770\" class=\"wp-image-770\" srcset=\"http:\/\/liceulovidius.ro\/desen\/wp-content\/uploads\/2020\/02\/5.jpg 960w, http:\/\/liceulovidius.ro\/desen\/wp-content\/uploads\/2020\/02\/5-300x182.jpg 300w, http:\/\/liceulovidius.ro\/desen\/wp-content\/uploads\/2020\/02\/5-768x465.jpg 768w\" sizes=\"(max-width: 960px) 100vw, 960px\" \/><\/figure><\/li><li class=\"blocks-gallery-item\"><figure><img loading=\"lazy\" width=\"960\" height=\"586\" src=\"http:\/\/liceulovidius.ro\/desen\/wp-content\/uploads\/2020\/02\/6.jpg\" alt=\"\" data-id=\"771\" data-link=\"http:\/\/liceulovidius.ro\/desen\/?attachment_id=771\" class=\"wp-image-771\" srcset=\"http:\/\/liceulovidius.ro\/desen\/wp-content\/uploads\/2020\/02\/6.jpg 960w, http:\/\/liceulovidius.ro\/desen\/wp-content\/uploads\/2020\/02\/6-300x183.jpg 300w, http:\/\/liceulovidius.ro\/desen\/wp-content\/uploads\/2020\/02\/6-768x469.jpg 768w\" sizes=\"(max-width: 960px) 100vw, 960px\" \/><\/figure><\/li><\/ul>\n","protected":false},"excerpt":{"rendered":"","protected":false},"author":3,"featured_media":0,"parent":0,"menu_order":0,"comment_status":"closed","ping_status":"closed","template":"","meta":[],"_links":{"self":[{"href":"http:\/\/liceulovidius.ro\/desen\/index.php\/wp-json\/wp\/v2\/pages\/763"}],"collection":[{"href":"http:\/\/liceulovidius.ro\/desen\/index.php\/wp-json\/wp\/v2\/pages"}],"about":[{"href":"http:\/\/liceulovidius.ro\/desen\/index.php\/wp-json\/wp\/v2\/types\/page"}],"author":[{"embeddable":true,"href":"http:\/\/liceulovidius.ro\/desen\/index.php\/wp-json\/wp\/v2\/users\/3"}],"replies":[{"embeddable":true,"href":"http:\/\/liceulovidius.ro\/desen\/index.php\/wp-json\/wp\/v2\/comments?post=763"}],"version-history":[{"count":3,"href":"http:\/\/liceulovidius.ro\/desen\/index.php\/wp-json\/wp\/v2\/pages\/763\/revisions"}],"predecessor-version":[{"id":783,"href":"http:\/\/liceulovidius.ro\/desen\/index.php\/wp-json\/wp\/v2\/pages\/763\/revisions\/783"}],"wp:attachment":[{"href":"http:\/\/liceulovidius.ro\/desen\/index.php\/wp-json\/wp\/v2\/media?parent=763"}],"curies":[{"name":"wp","href":"https:\/\/api.w.org\/{rel}","templated":true}]}}